(n).
-6
Let q be (0 + -1 + -1)*1. Let d be q*(-3)/(-12)*-10. Let v(c) = -c**2 + 5*c - 6. Determine v(d).
-6
Let b(l) = -l. Let j be b(0). Suppose j = -5*i + 1 - 6. Let p = 0 - i. Let a(t) = -4*t**2 - t. Give a(p).
-5
Let t(x) be the second derivative of -x**4/12 + 3*x**3/2 - 4*x**2 - 19*x. Give t(8).
0
Let c(i) be the third derivative of -i**6/120 - 11*i**5/60 - i**4/12 - 7*i**3/3 - 50*i**2. Determine c(-11).
8
Let b(q) = 3*q - 4. Let h be 2/(-4)*2 - -5. Let l be b(h). Suppose -l = -2*j - 0*j. Let y(g) = -g + 3. What is y(j)?
-1
Let n(o) = o - 12. Let w be n(7). Let b(v) = v**3 + 4*v**2 - 5*v + 5. Determine b(w).
5
Let r(b) = b + b**2 + b + 0 + 2. Let h be r(-2). Let p(v) = -v + 3*v - h - v. Calculate p(3).
1
Let f(y) = 2 + 2*y**2 - 6*y**2 + 6*y + 3*y**2. Let s be f(6). Let v = 1 + s. Let g(q) = -q**3 + 4*q**2 - 4*q + 3. What is g(v)?
0
Let g be 14/3 + (-1)/(-3). Let c(y) = -1. Let x(h) = -7 + 4 - 5 + 3*h - 2*h. Let f(d) = 4*c(d) - x(d). Determine f(g).
-1
Suppose -h - 11 = 5*b, -3*h - 2*b = -7*h. Let c(p) = 9*p**2 + 1. What is c(h)?
10
Let o(n) = -487 - 2*n**2 + 0*n**2 + n**2 - 6*n + 491. Calculate o(-6).
4
Let m(n) be the third derivative of -n**5/60 + n**4/4 - 10*n**2. Determine m(7).
-7
Let b(u) = -u**3 + 3*u + 8. Let x be b(3). Let t(w) = w**2 + 10*w - 5. What is t(x)?
-5
Let l(n) be the third derivative of n**5/60 + n**4/4 + n**3/3 - 24*n**2. What is l(-6)?
2
Suppose 7*w = 4*w + 6. Let o(j) = 8*j - 6*j - j**2 - j**2 - 1 + 0*j**w. What is o(2)?
-5
Let k(b) = -b - b + b - 1. Let n(a) = 4*a - 9. Let m be n(6). Suppose 0 = -h - 2*h - m. Determine k(h).
4
Let v = 5 - 3. Suppose 2*t - 4*l - 26 = 0, 2*t - 4*l - 16 = -v*l. Let w be 2/t + 10/(-15). Let d(i) = -i - 5. Determine d(w).
-5
Let t(k) = k**3 - 6*k**2 + 5*k + 1. Suppose 4*m - 10 = -3*l - m, 4*m = -l + 1. Calculate t(l).
1
Let j(k) = k + 6. Let d = -83 + 81. Give j(d).
4
Let l = 8 - 13. Let w(c) = c - 1. Give w(l).
-6
Let w(n) be the third derivative of -n**8/6720 + n**7/840 - n**6/360 + n**5/60 - 7*n**4/24 + 6*n**2. Let u(s) be the second derivative of w(s). Determine u(2).
2
Let q(v) = 624*v - 8*v**2 - 624*v. Determine q(1).
-8
Let j(u) = 1. Let x(i) = -2*i - 4. Let o(s) = -2*j(s) - x(s). Calculate o(5).
12
Let b(z) = -1. Let u(s) = 3 + 5*s - 9*s + 3 + 5*s. Let j(t) = 5*b(t) + u(t). Determine j(-2).
-1
Let p(c) be the first derivative of c**3/3 - 3*c**2 + 3*c - 6. Let d(i) = 2*i**2 - i - 1. Let r be d(-1). Determine p(r).
-5
Let k be 9/6*(-10)/5. Let j be (1/k)/((-2)/(-6)). Let o(d) = -8*d**2 - 1. Give o(j).
-9
Suppose 0 = -4*v + 30 - 6. Let b(u) = u - 1. What is b(v)?
5
Suppose -5*j + 3 + 22 = 0. Let r(b) = -b. Give r(j).
-5
Suppose 3 = 3*w - 3. Let a(y) = -y**3 + 2*y**2 - y + 2. Let h be a(w). Let q(n) = -n + 6. What is q(h)?
6
Let y(w) = 3*w - 10*w**2 - 2 - w**3 + 3*w**2 + 0*w**2 + 5*w**2. Suppose 6*j = 2*j - 12. Determine y(j).
-2
Let i(v) = 1 - 7*v - 1 + 8*v. Let l(z) = -3*z - 1. Suppose 3*k = 6*k + 15. Let p(q) = k*i(q) - 2*l(q). Give p(6).
8
Let j(o) = -o + 1. Let k(q) = -q + 1. Let v(n) = -6*j(n) + 5*k(n). Calculate v(6).
5
Let g(z) be the second derivative of -7*z**5/60 + z**4/24 + z**3/6 + z**2 - 4*z. Let k(j) be the first derivative of g(j). Calculate k(-1).
-7
Let j(t) be the second derivative of -1/6*t**3 + 0 - 5/6*t**4 + t - 1/2*t**2. Suppose n = a - 2 - 0, 0 = -5*a + n - 2. What is j(a)?
-10
Let x(u) be the second derivative of 3*u**5/10 + u**4/2 + 5*u**2/2 - 5*u. Let m(z) = -5*z**3 - 5*z**2 - 4. Let q(f) = -5*m(f) - 4*x(f). What is q(0)?
0
Let w(q) = -q + 1. Let k be 20/(-4) - 1 - -1. Determine w(k).
6
Let g be 5*2*(-1)/(-5). Suppose g*m + 2 - 6 = 0. Let b(l) = 7*l**2 + 2*l**3 - 1 - 12*l**2 + 2*l**2 + l**2. Calculate b(m).
7
Suppose 3 = -w, -4*w = 2*u - 7*w - 5. Let k = u + 6. Let v(o) = -5 + 5*o + 0*o - o**2 - 2*o. Calculate v(k).
-9
Let q(z) = 10*z**2 - z - 9. Let g(h) = -3*h**2 + 3. Let u(j) = -7*g(j) - 2*q(j). Determine u(3).
12
Suppose 11 + 14 = 5*y. Let a(r) = r**2 - 5*r + 7. Give a(y).
7
Let h(v) = 2*v**2 - v + 1. Let i = -8 - -13. Suppose -1 - 1 = -3*m + r, r - i = -4*m. Give h(m).
2
Let j(y) = -1. Let b(t) = 1 + 2*t + 4 - 3 - 5. Let h(g) = b(g) - 4*j(g). What is h(-1)?
-1
Let u(k) = -k**2 + 7*k - 5. Let p = -51 - -55. Determine u(p).
7
Let q(b) = b**3 - 6*b**2 + 7*b - 5. Let l be q(5). Let o(w) = w**3 - 5*w**2 + 2. Calculate o(l).
2
Let p(f) = -2*f**2 + 2*f + 1. Let b be (1/(-3))/((-5)/45). Suppose 5*z = -5*a, b*z - 4*z - 3 = -2*a. Calculate p(z).
-3
Suppose 3*x = -3*n + 21, 5*n - 3 = -x + 4*x. Let w(o) = -n - 6*o - o**2 - 2 - 2. What is w(-6)?
-7
Let r(j) be the third derivative of j**6/40 + j**5/30 + j**4/24 + j**3/3 - 10*j**2. Give r(-2).
-16
Let v be (-114)/(-27) + (-2)/9. Suppose 0 = -2*r + r - m + v, -5*r - 1 = -2*m. Let f(x) = -10*x**3 + x**2 - 1. Determine f(r).
-10
Let c(r) be the third derivative of r**6/120 - 7*r**5/60 - 3*r**4/8 + r**3/6 - 15*r**2. What is c(8)?
-7
Let x(n) = -3*n + 1. Suppose j + j + 28 = -5*i, 2*j - 3*i - 4 = 0. Calculate x(j).
13
Let d be -1*(-8 - -1) + -2. Let p(o) = -o**2 + 3*o - 5. Let m(z) = -z**2 + 4*z - 4. Let b(y) = 3*m(y) - 2*p(y). Give b(d).
3
Let c = -44 - -39. Let r(g) = g**2 + 6*g + 1. What is r(c)?
-4
Let g(o) = -o**3 + 3*o**2 - 3*o + 4. Let v(n) = n**3 + 8*n**2 + 8*n + 7. Let l be v(-7). Suppose 3*z - 5*h + 2*h = 3, l = z - 4*h + 5. Give g(z).
-5
Let q(z) = -z**2 + 4*z + 5. Suppose -37 = -4*m - 4*i - 1, -1 = m - i. What is q(m)?
5
Suppose 4*a = -h + 3*a + 6, 10 = h + 3*a. Let j(s) = -2*s + 0*s**2 + 0 - 3*s - h - 2*s**2. Calculate j(-3).
-7
Let n = -6 - -10. Suppose -c - n*c + 4*d + 4 = 0, -4 = 4*d. Suppose -4*l + l + 12 = c. Let o(w) = -w + 4. What is o(l)?
0
Let u(k) = 26*k - 32*k - 4 + 3. Let g = 4 - 1. Let z = 2 - g. Determine u(z).
5
Let a(z) = -9*z**2 - 3*z - 15. Let h(v) = -5*v**2 - v - 8. Let j(l) = 4*a(l) - 7*h(l). Let r(n) = -n - 5. Let q be r(0). What is j(q)?
-4
Let c(f) = f + 2. Let t = 5 - 9. Let p be (-2)/t*-1*-8. Suppose 16 = 2*k + 2*q, 3*k - p*q = -q + 6. Calculate c(k).
7
Let t(d) = -d**3 + 2*d**3 - 2*d**3 + 3*d**2 + 2*d - 4 + 4*d. Determine t(4).
4
Suppose k - 7 + 4 = 0. Let d(v) = v**3 - 3*v**2 + 2*v + 1. What is d(k)?
7
Let v(k) be the second derivative of 1/3*k**3 + 2*k + 0 + 1/12*k**4 - 1/2*k**2. Let r be v(1). Let u(a) = a**3 - a**2 - 1. Determine u(r).
3
Suppose 4*f + 2*j = 0, -f + j = -3*j - 18. Let s = 3 - f. Suppose 2*a - a = -s. Let g(u) = 3*u - 1. Determine g(a).
-4
Let m(k) = -k**2 - 5*k + 2. Let x(y) = y**3 - 5*y**2 - 7*y. Let a be x(6). Determine m(a).
-4
Let w(v) = 2*v**3 + v**2 - v. Let j(h) = h**3 + h**2 + 1. Let p(z) = 3*j(z) - 2*w(z). What is p(-2)?
11
Let y(b) be the first derivative of -1/3*b**3 + 2*b - 2 - b**2. Let w be 2/(-1) - (-2)/(-1). Determine y(w).
-6
Let n(t) = 5*t**2 + 5*t - 3. Let d(g) = -g**2 + 1. Let s(p) = -6*d(p) - n(p). Determine s(4).
-7
Let d(o) be the first derivative of -o**4/4 + 2*o**3/3 + o**2 + 4*o + 8. Let a(x) = -2*x - 4. Let c be a(-4). Suppose -4*m + 8 + c = 0. What is d(m)?
1
Let b be 117/(-26) + 1/2. Let q = b + 1. Let j(r) = r**3 + r**2 - 4*r. What is j(q)?
-6
Let x(g) = -6*g**2 + 6*g - 1. Let c(d) = -5*d**2 + 6*d - 2. Let q(a) = 5*c(a) - 4*x(a). What is q(4)?
2
Let w(f) = -6 - 2 + 8 - f**3 - 4*f**2 + 3*f. What is w(2)?
-18
Let a(b) = -2*b**3 + 2*b**2 + 2*b + 7. Let m(q) = 3*q**3 - 5*q**2 - 4*q - 14. Let x(v) = -5*a(v) - 3*m(v). Give x(-5).
-3
Let r(v) be the second derivative of v**3/6 + v**2 + v. Suppose -24 - 16 = 8*c. Determine r(c).
-3
Suppose -m + 3*w = -0*m + 17, 0 = -4*m + w - 13. Let n = -2 - m. Let h(r) = -r**2. What is h(n)?
0
Let q(j) = j**2 + 2*j - 3. Let i be q(-4). Suppose 0 = -2*d + 4*p, -16 = -2*d - 4*p - 0. Let m(v) = -3*v**2 + 3*v**2 + 3 - v**2 + d*v. What is m(i)?
-2
Let n(z) = 3*z - 4. Let s be n(3). Let y(g) = -1 - 7*g + s + 11*g + 2*g**2 - g**2. Determine y(-4).
4
Let g(w) be the second derivative of -w**4/12 + 4*w**3/3 - 3*w**2 - 13*w. Give g(5).
9
Let x(f) = f**2 + 3*f - 3. Let l be (-4)/12 - (-16)/3. Let c = 13 - l. Suppose 16 = -c*w + 4*w. Give x(w).
1
Let i(v) = -5*v**2 - 6*v - 13. Let u(n) = 6*n**2 + 7*n + 13. Let d(b) = 7*i(b) + 6*u(b). Determine d(0).
-13
Let u(f) = -6*f + 2. Let d(p) = -p + 1. Let s(k) = -2*d(k) + u(k). Determine s(-1).
4
Let h(n) be the second derivative of -n**3/3 - 7*n**2/2 - 7*n. Give h(-6).